*a + 120 = 0, -5*k + 159 = -2*a. Calculate the remainder when k is divided by m.
3
Let d = 38 - -236. What is the remainder when d is divided by 40?
34
Calculate the remainder when (-2062)/(-20) + (-48)/480 is divided by 59.
44
Suppose 7 = -m + 5. Let t be 0/(m*(-2 - -3)). Calculate the remainder when 47 is divided by (-3 + t)*32/(-6).
15
Let f(k) = -k + 24. Calculate the remainder when 2 - (1/(2/6) + -85) is divided by f(-19).
41
Suppose 0 = 5*c - l - 426, -4*l + 422 = 5*c - l. Calculate the remainder when c is divided by 3.
1
Let s = -602 - -830. What is the remainder when s is divided by 11?
8
Suppose -10*h + 546 + 334 = 0. What is the remainder when h is divided by 47?
41
Let z = 1138 + -839. What is the remainder when z is divided by 43?
41
Let b(g) = g**2 - 7*g + 30. What is the remainder when b(6) is divided by 8?
0
Suppose -2*k + 13 = 3. Suppose 13*b = 18*b - 60. Suppose 6*v = b + 12. Calculate the remainder when k is divided by v.
1
Suppose 0 = -4*x, 10*x - 224 = -2*f + 5*x. Calculate the remainder when 783 is divided by f.
111
Suppose -6*f = 5*c - 8*f - 180, -f + 97 = 3*c. Calculate the remainder when c is divided by 11.
1
Suppose 5*f - 2*t + 13 = 0, 3*f + 2*t = -8 - 3. Calculate the remainder when f + 4 + 51 + 5 is divided by 5.
2
Suppose -58*o - 273 + 911 = 0. What is the remainder when 120 is divided by o?
10
Let l = -8 - -16. Suppose -4 = -d + l. Calculate the remainder when 33 is divided by d.
9
Calculate the remainder when 329 is divided by 8/76 + 4 + 2745/95.
32
Let m be (-13)/(-3) - (-55)/33. Suppose 605 = 17*n - m*n. What is the remainder when n is divided by 15?
10
Suppose -v + 60 = 5*v. Suppose -v*t + 6*t + 48 = 0. Calculate the remainder when 46 is divided by t.
10
Let s = -11 - -32. Suppose 2*x + 234 + 8 = 3*t, 0 = 5*t - x - 408. What is the remainder when t is divided by s?
19
What is the remainder when 766 is divided by (-4)/(-56) + 2154/28?
73
Suppose -k + 3*k + 24 = -4*s, 2*s + 2*k + 12 = 0. What is the remainder when -12*4/(16/s) is divided by (3/(-2))/(264/(-1760))?
8
Suppose -l - 18 = 6*u - 2*u, -3*u - 11 = 2*l. Let b = 76 - 50. Calculate the remainder when (-16 - l)*(-51)/9 is divided by b.
24
Suppose 0*t - 5*t + 27 = i, -3*i - 4 = -2*t. Suppose -44 = i*w + 66. Let z = 82 + w. What is the remainder when 107 is divided by z?
26
Suppose -4*v + 11 = -137. Suppose 5*o - v = 68. What is the remainder when o is divided by 12?
9
What is the remainder when 141 is divided by 342/30 - (-6)/(-15)?
9
Calculate the remainder when 194 is divided by 14 - (3 + (-8)/4).
12
Let u(h) = 4*h**2 + 20*h + 5. What is the remainder when u(3) is divided by 8?
5
Suppose 39*d = 35*d + 604. Calculate the remainder when d is divided by 14.
11
Suppose -4*t + 5*t = 0, -4*f = t - 300. Let a = f - 56. Calculate the remainder when 34 is divided by a.
15
Let w(t) = -t**3 + 4*t - 9. Let y be w(-6). Suppose 0 = 3*f + 72 - y. What is the remainder when 143 is divided by f?
32
Let y be ((-69)/9)/((-2)/6). Suppose 8*k + 104 = 448. What is the remainder when k is divided by y - (-3)/(-3)*1?
21
Suppose 5*i = i - 2*b + 386, -3*i = b - 288. Suppose z - 1 = 0, 2*p + p - i = -2*z. What is the remainder when p is divided by 11?
9
Suppose -51 = 3*i - 18. Let y(a) = -2*a - 17. What is the remainder when 29 is divided by y(i)?
4
Let r(o) = 19*o**2 + 5*o + 6. Calculate the remainder when r(-2) is divided by 30.
12
Let w(u) = -u**3 + 12*u**2 - 11*u + 4. Let v be w(11). Suppose -v*q + 201 = -3. Calculate the remainder when q is divided by 26.
25
Let l(o) = -o**3 - 9*o**2 - o - 9. Let y be l(-9). Let n(t) = t**2 - t + 4. Calculate the remainder when 12 is divided by n(y).
0
Suppose 0 = 3*x + 4*o - 219, 5*x = -3*o + 2*o + 365. Calculate the remainder when x is divided by 21.
10
Suppose -9*n = -576 + 279. Calculate the remainder when 460 is divided by n.
31
Let i be 88/(-14) - ((-96)/42 - -2). Let s(j) = -16*j - 47. Suppose -63 = -3*z + 2*o + o, 0 = -o + 5. What is the remainder when s(i) is divided by z?
23
Let p(n) = -n**3 + 8*n**2 - 6*n - 3. Let w be p(7). Suppose 13 + 23 = w*s. What is the remainder when 25 is divided by s?
7
Let x be (16/(-4) - -5)*-19. Let h = x + 37. Calculate the remainder when 71 is divided by h.
17
Let b(f) = f**3 + 15*f**2 - 19*f - 20. What is the remainder when 83 is divided by b(-16)?
27
Suppose 4 = -3*z + 4. Suppose z = 25*m - 24*m - 8. What is the remainder when 53 is divided by m?
5
Suppose -2*g = -4*b + 94, g - 5 = -4. Suppose 36 = 4*l - b. Let j = 13 + -9. What is the remainder when l is divided by j?
3
Suppose 2*h - 33 = 21. Let w = -54 - -107. What is the remainder when w is divided by h?
26
Let a = 342 - 78. Calculate the remainder when a is divided by 138.
126
Suppose -4*g + 59 = -53. Calculate the remainder when (-5 + 2/(-4))/((-2)/40) is divided by g.
26
Let s = -11 + 14. Suppose -4*w + 4*q - q + 507 = 0, 0 = -s*w - 4*q + 399. What is the remainder when 75 is divided by w/7 - (-12)/21?
18
Let k = 103 + -54. Suppose 0 = 2*h - 4*q + q - 17, -4*h - 4*q = -44. Calculate the remainder when k is divided by h.
9
Let c = -121 + 167. What is the remainder when 178 is divided by c?
40
Suppose 28*z = 31*z - 6. Calculate the remainder when 37 is divided by 385/28 - z/(-8).
9
Suppose 0 = 4*p - 0*p - 3*w - 808, -808 = -4*p + 4*w. Calculate the remainder when p is divided by 29.
28
Let q = -10 - -19. Suppose 0 = -q*s + 6*s + 69. What is the remainder when s is divided by 13?
10
What is the remainder when (-6 - -4) + (10 - -1) is divided by (-8)/18 + (-2480)/(-558)?
1
Let w(g) = 3*g**2 - 7*g + 9. Let d be w(3). Suppose -222 = d*f - 1317. Calculate the remainder when f is divided by 20.
13
Suppose 0 = -2*m - 5*z + 34, 4*m = -z + 17 + 15. What is the remainder when 48 is divided by m?
6
Suppose 0 = -5*c - 4*s - 42 + 240, 34 = c - 2*s. What is the remainder when 189 is divided by c?
37
Suppose 0 = -85*u + 91*u. Suppose -2 = -3*c + 4*w + 20, u = -5*w + 25. Let t = -19 - -44. Calculate the remainder when t is divided by c.
11
Let k = 2 + 1. Calculate the remainder when (-54)/12*(-2)/(-18)*-16 is divided by k.
2
Let c be (-1)/2 - 819/(-26). Suppose -2*m + 4 = u, -c = -3*u - u - 5*m. Calculate the remainder when 108 is divided by u.
10
Suppose -5*k + 4*f = -2*k - 235, 0 = -4*f + 20. Calculate the remainder when k is divided by (-4)/6 - (-168)/9.
13
Suppose o - 141 = -2*o. Let c = -31 + o. Suppose 186 = -4*l + 10*l. What is the remainder when l is divided by c?
15
Let s(v) = -v**3 - 48*v**2 - 47*v + 67. Calculate the remainder when s(-47) is divided by 11.
1
Let r be ((-80)/45)/8 - (-506)/9. Suppose r*h - 58*h + 236 = 0. What is the remainder when h is divided by 40?
38
Let c(i) = 7*i**3 - i + 3. What is the remainder when 398 is divided by c(2)?
56
Let l(v) = -4*v**3 - 40*v**2 - v + 9. Calculate the remainder when 637 is divided by l(-10).
10
Let q(i) be the third derivative of -3*i**4/4 - i**3/6 + 3*i**2 - 8*i. What is the remainder when q(-4) is divided by 18?
17
Let a = -806 + 860. Calculate the remainder when a is divided by 11.
10
Suppose 3*a - 663 = -4*k + k, -4*k = -2*a - 872. What is the remainder when k is divided by 28?
23
Let p = -13 + 116. Suppose 5*g - p = 4*w, -3*w + 2 = g - 11. Calculate the remainder when 75 is divided by g.
18
Suppose -4*p + 894 + 26 = -2*o, o + 688 = 3*p. Calculate the remainder when p is divided by 33.
30
Let l = 20 + -13. Suppose 2*j + 200 = l*j. What is the remainder when j is divided by (-2)/(-1) + -3 + 15?
12
Suppose y - 104 = -2*j, 0 = -2*y - y + j + 291. Suppose 0 = -8*w + y + 126. Calculate the remainder when w is divided by 8.
4
Suppose -11 = -4*j + 5. Suppose j*u - 30 = 26. What is the remainder when 41/2*(3 + -1) is divided by u?
13
Suppose n = -27 - 26. Let r = n + 96. Calculate the remainder when 169 is divided by r.
40
Suppose 52 = 5*a - 38. Calculate the remainder when 27 is divided by a.
9
Suppose -3*o + 0*b = -5*b + 35, -3*o - 55 = 5*b. Calculate the remainder when (-6)/o + (-83)/(-5) is divided by 6.
5
Let l(c) = c**3 - 14*c**2 + 15*c - 10. Suppose 4*r + 5 = -i - 6, -3*r = -3*i - 3. Calculate the remainder when (-924)/(-6)*(-1)/r is divided by l(13).
13
Suppose 0 = 3*h - 721 + 478. Calculate the remainder when h is divided by 43.
38
Let r(i) = -2*i - 5. Let h be r(-3). What is the remainder whe